What is the highest common divisor of 28 and a?
4
Let s(o) = o**3 - 8*o**2 + 10*o + 1. Let z be s(7). What is the highest common factor of 11 and z?
11
Let q(z) = -z**3 + 4*z**2. Let a(u) = -u**2 - 5*u + 3. Let f be a(-5). Let m be q(f). Calculate the highest common factor of 99 and m.
9
Suppose -2*n + n = -156. Suppose 0 = -v + 5*k + n, -4*v - k = -16 - 503. Let t = v + -41. Calculate the greatest common factor of 9 and t.
9
Let l(y) = y**2 - 6*y + 7. Let x be l(9). Let h(n) = 2*n**2 + 3*n + 2. Let b be h(-2). Suppose -x + b = -3*z. Calculate the highest common divisor of z and 110.
10
Suppose -3*r = -3*b, 0 = b - 3*b - 2*r + 8. Suppose j - 82 = -b*k, 5*k = j - 5*j + 331. What is the highest common factor of 12 and j?
12
Let t be 1/(1 - 2) + 1. Suppose -r + 20 + 35 = t. Let s be (7/4 + 1)*4. Calculate the highest common divisor of s and r.
11
Suppose 4*c = -c + 360. Calculate the greatest common divisor of c and 9.
9
Let m be (-10)/3*(-12)/10. Suppose 2*j = -z - 0*j + 4, -m*z + 28 = 5*j. Calculate the greatest common divisor of 3 and z.
3
Let a(l) = -l**3 + l**2 + 4*l + 3. Let x be a(-3). Calculate the highest common factor of 108 and x.
27
Suppose 2*a = 4*a. Suppose 2*x - 68 + 2 = a. What is the greatest common factor of x and 22?
11
Let o = 3 - -14. Let i = o + 37. Calculate the greatest common factor of 6 and i.
6
Suppose -57 = -2*g - i, g - 2*i = 6*g - 144. What is the highest common factor of 2 and g?
2
Let u = -8 + 7. Let g(f) = 3*f**2 - f. Let o be g(u). What is the greatest common divisor of o and 32?
4
Let k = 9 + 44. Suppose 11 = -2*y + k. Calculate the highest common divisor of y and 14.
7
Let i = -114 - -191. Calculate the greatest common factor of i and 7.
7
Let q be 66/7 + 1 + (-3)/7. What is the highest common factor of 90 and q?
10
Let b be 34 - 3/(6/8). Calculate the highest common divisor of b and 12.
6
Let m = 113 + -74. Calculate the highest common divisor of 13 and m.
13
Let b be (-14)/21 + 12/(-9). Let o(u) = -25*u. Let z be o(b). What is the highest common factor of 10 and z?
10
Let v be (-200)/14 - 2/(-7). Let k = -2 - v. Let o be 40/(-50)*5/(-1). What is the highest common divisor of o and k?
4
Let i = -43 + 67. What is the greatest common divisor of 96 and i?
24
Let q(t) = t + 1. Let u(m) = 3*m**2 - 4*m. Let o(v) = 2*q(v) + u(v). Let z be o(2). What is the highest common divisor of 110 and z?
10
Let w = 87 - 56. Let c = w + -21. What is the greatest common divisor of c and 40?
10
Let x(n) be the first derivative of -5*n**2/2 - 9*n - 3. Let v be x(-4). Suppose -4*k + 5*k - 88 = 0. What is the highest common factor of k and v?
11
Suppose 5*p - 39 = 1. What is the greatest common divisor of p and 1?
1
Let n = 33 + -31. Calculate the greatest common divisor of 18 and n.
2
Let p(f) = -4*f - 8. Let j be 58/(-7) - 16/(-56). Let k be p(j). Calculate the greatest common divisor of 12 and k.
12
Let o be 0 + 67 + -1 + 2. Let x be 187/9 + (-18)/(-81). Let d be 351/x + 6/21. Calculate the greatest common factor of d and o.
17
Let s = 126 - 77. What is the highest common divisor of 7 and s?
7
Let c = -336 + 507. Calculate the greatest common divisor of 19 and c.
19
Let d(u) = u**3 + 11*u**2 + u + 13. Suppose 2*t = 5*t + 33. Let g be d(t). Suppose g*k = -0*k + 2. What is the greatest common divisor of 7 and k?
1
Suppose 4*j - 9 = 15. Suppose -d - d = 0. Let p be d + (15 + -3 - -3). Calculate the highest common divisor of j and p.
3
Let g(j) = j**3 + j. Suppose -11 = -3*d - 5*h + 10, -11 = -4*d - h. Let a be g(d). Let b = -76 + 156. Calculate the highest common factor of a and b.
10
Let s be 3 + 0 - (-2 + 3). Suppose -18 = -s*j - 0*j. Calculate the greatest common divisor of j and 63.
9
Let r be 42/(-12)*(-12)/7. Let m be (-88)/(-10)*15/r. Suppose 0 = -2*z - 4*f + m, -3*z + 21 = 5*f - 9. Calculate the greatest common divisor of z and 40.
5
Let x(u) = -4*u + 2. Let h be x(-4). Let g be (-2)/(-3)*(-84)/(-8). Let q(r) = 8*r - 2. Let t be q(g). Calculate the highest common divisor of h and t.
18
Suppose 8*x - 110 - 218 = 0. What is the greatest common factor of x and 287?
41
Suppose -4*b + 5*c + 307 = 98, -b - 3*c = -31. Suppose -5*s = -2*s + 4*y - b, -4*s - 5*y = -60. What is the highest common divisor of s and 25?
5
Let n be 11/(0 + -1) + -1. Let o be (0 + n)*55/(-15). Suppose -5*j = 5*l - j - 74, -2*j - o = -2*l. Calculate the greatest common factor of l and 2.
2
Suppose -4*n = -4*t + 1 + 3, 2 = -2*t + 3*n. Let z = -70 + 49. Let u = 56 + z. Calculate the greatest common divisor of t and u.
5
Let n(h) = -1 + 4 - h - 4 - 5. Let r be n(-9). What is the greatest common factor of r and 33?
3
Suppose 2*q + i - 186 = 0, -7*i + 2*i = -10. What is the highest common divisor of q and 23?
23
Let l be (-3 + 3 - -3)*60/9. What is the greatest common factor of 60 and l?
20
Suppose -4*w = 5*y, 0 = -3*y + w - 6 + 23. Calculate the highest common divisor of y and 32.
4
Let v(b) = 6*b - 6. Let t(l) = -l + 1. Let z(x) = -11*t(x) - 2*v(x). Let a be z(5). Let h be 36/4*a/(-6). Calculate the highest common factor of h and 6.
6
Let d = 35 - 13. Calculate the highest common divisor of d and 55.
11
Let k be 6/(0 + (-3)/12). Let g be k/(-2) + (7 - 8). Suppose 0 = -3*r + 2*r + 99. What is the highest common divisor of g and r?
11
Let v(y) = 39*y + 1. Let a be v(3). Suppose 34 - a = -c. Let k be (-3 + -3 + 12)/((-1)/(-2)). What is the highest common factor of k and c?
12
Let l(g) = -2*g - 1. Let t be l(7). Let m = 26 + t. What is the highest common factor of 88 and m?
11
Suppose -2*w + 0*w + 16 = 0. Let l = w + -4. Suppose 0 = -0*j + l*j - 72. Calculate the greatest common divisor of j and 9.
9
Let a(u) = -3*u**2 - 5*u - 4 + 0 + 2*u**3 - 5*u**3. Let f be a(-3). Suppose -38 - 27 = -5*x. Calculate the highest common factor of f and x.
13
Let k = 253 + -154. Suppose 2*d - j + 13 = 3*d, 0 = 4*d + 2*j - 44. What is the greatest common factor of k and d?
9
Suppose 2*c = -180 + 250. Calculate the greatest common divisor of 28 and c.
7
Suppose 7*f - 5*f = 10. Calculate the greatest common divisor of 40 and f.
5
Let s(k) = -9*k + 1. Let n be s(-1). Let f be 6 + -4 - (-4)/2. Calculate the greatest common divisor of n and f.
2
Let t = -5 - -8. Suppose 5*h - 24 = 3*n, t*h = -4*n + n. Let x be 167/5 - 4/10. What is the highest common divisor of x and h?
3
Suppose -6*z + 11*z = 0. Suppose z = -4*j + 6*j - 18. Let m(n) = 3*n**2 + 8*n + 3. Let x be m(-6). What is the greatest common factor of j and x?
9
Let z = 183 - 979. Let w be 4/(-18) - z/18. Suppose -i - 19 - 19 = -3*r, -16 = -r + i. Calculate the greatest common divisor of w and r.
11
Suppose 49 = 3*g - 2*b, -3*g + 4*g + 5*b - 22 = 0. What is the highest common factor of 51 and g?
17
Let s(l) = -l**3 - 7*l**2 - 6*l + 6. Suppose -15 - 3 = 2*u - 2*a, -2*u = 3*a + 3. Let f be s(u). Calculate the greatest common divisor of 48 and f.
6
Let s(g) = -2 + 0 - 2*g + 5*g**2 - g**2. Suppose -3*b = -4*b - 2. Let p be s(b). What is the highest common factor of 9 and p?
9
Let u be 8/20 - 9/(-15). What is the highest common factor of u and 4?
1
Suppose -2*l + 7*l = 160. Calculate the greatest common factor of l and 8.
8
Let v be ((-4)/7)/(8/(-28)). Suppose m + v*m = 18. Let g = 10 + 14. What is the greatest common factor of m and g?
6
Suppose 0 = h + 4, -2*m + 6 = 6*h - 4*h. Let v(o) = -17*o + 1. Let r be v(-2). Calculate the greatest common factor of m and r.
7
Let y = 349 - 26. Calculate the highest common factor of 19 and y.
19
Suppose 5 = -5*z + 5*a, 2*a - 8 = -4*z + 3*a. Let l(d) = 2*d**2 - d - 1. Let j be l(z). Suppose 4*c + 68 = 348. Calculate the greatest common factor of c and j.
14
Let f be ((-2)/(-1) - 4) + 65. Suppose -o = -2*o - 16. Let r be (-54)/(-8) - 4/o. Calculate the greatest common divisor of f and r.
7
Let f be -3 + (-2*1 - -1). Let b(a) = a**2 + 2*a + 6. Let p be b(f). Let n be -5*((-122)/5 - -2). What is the greatest common factor of n and p?
14
Let b(u) = 2*u**3 - u**2 - 3*u + 5. Let l be b(2). Calculate the highest common divisor of 11 and l.
11
Suppose -2*r - 30 = -k, 2*r + r = 2*k - 63. What is the highest common factor of 9 and k?
9
Let u(p) = 11*p - 2 + 31*p - 8*p. Let w be u(3). Calculate the highest common factor of w and 40.
20
Suppose -2*s + 100 = -6*s. Let n = -11 - s. What is the greatest common d